+ 12 = 4*z - y, 2*y - 8 = 0. Let g = z + b. What are the prime factors of g?
3
Suppose 3 = -0*u + u. Suppose u = s - 12. List the prime factors of s.
3, 5
Let t be (2/4)/(3/66). Let s(x) = 7*x + 25. Let m be s(-3). Suppose w + 25 = 4*z, -5*z - m*w + t = -36. What are the prime factors of z?
7
Suppose 5*i - i - 16 = -3*s, 2*i - 2*s - 22 = 0. What are the prime factors of i?
7
Let f = -17 - -9. Let a = 4 - f. List the prime factors of a.
2, 3
Let i(o) = o**3 - 5*o**2 - o + 1. What are the prime factors of i(7)?
2, 23
Suppose -2*s - 2*s + 20 = 0. Suppose -s*k - 45 = -3*n, 31 = 4*n + k - 52. Suppose -n - 16 = -4*u. List the prime factors of u.
3
What are the prime factors of 2*(-1715)/(-28) - (-2)/4?
3, 41
Suppose 2*a - 2*v - 3 = -1, 2*v - 3 = a. List the prime factors of a.
5
Suppose 0 = 3*v + v - 288. List the prime factors of v.
2, 3
Suppose 3*h = -3*a - h + 77, -a = 2*h - 27. List the prime factors of a.
23
Let k = 50 - 35. Suppose k = 2*z + 3*z. Suppose 0 = -z*p - 0*p + 66. List the prime factors of p.
2, 11
Let s(w) be the second derivative of w**3/3 - w**2/2 - 3*w. Let k be s(5). Suppose f = k + 1. List the prime factors of f.
2, 5
Let i(h) = -h**2 + 5*h + 6. Let s be i(6). Suppose m + 13 = q - 3*m, -5*q + 5*m + 65 = s. List the prime factors of q.
13
Suppose -15 = -5*n - 0. Let l be 6/9 - (-30)/(-18). What are the prime factors of l/(-2*n/18)?
3
Let g(s) = -56*s - 24. What are the prime factors of g(-4)?
2, 5
Suppose -3*b + 3*w - 20 = -101, -3*w - 113 = -4*b. What are the prime factors of b?
2
Let a = -15 + 17. List the prime factors of a.
2
Let s(i) = 3*i**2 - 2*i + 15. What are the prime factors of s(8)?
191
Suppose 6*z - 3*z = 0. Let i = z - 4. Let a = i + 7. What are the prime factors of a?
3
Let w be ((-102)/(-8))/(24/128). Suppose -k = 3*k - w. What are the prime factors of k?
17
Let n(y) be the first derivative of -y**3/3 + 9*y**2/2 + 4*y - 4. What are the prime factors of n(7)?
2, 3
Let s(r) = r**3 + 6*r**2 + 1. Let w be s(-6). Let a be (3/(-6)*-6)/w. What are the prime factors of (-32)/(-6) - (-2)/a?
2, 3
Let b = 15 - 3. Suppose -z = 2*z + 4*k - 47, -5*z - k = -84. Let i = z - b. What are the prime factors of i?
5
Suppose 2*t - 3*w = -3, 0*t = -t - 4*w + 15. Let h = 6 - t. List the prime factors of h.
3
List the prime factors of (-2)/(-4) + 27/6.
5
Let j = -71 - -123. Suppose j = 3*k + k. What are the prime factors of k?
13
What are the prime factors of (-8)/28 + 256/14?
2, 3
Let d(p) = -23*p + 3. Let x be d(2). Let m = -62 - x. Let n = m + 33. What are the prime factors of n?
2, 7
Let k be 6/6 - (0 - 0). Let v(i) = 17*i. List the prime factors of v(k).
17
Let n = -25 - -102. What are the prime factors of n?
7, 11
Let t be (-2 + 5 + -2)*4. What are the prime factors of 22 - (-2)/(-4)*t?
2, 5
Let u(w) = w - 3. Let b(k) = k**2 + 1. Let l be b(-2). Let q be u(l). What are the prime factors of (q/3)/((-8)/(-48))?
2
Suppose 37*p = 33*p. Suppose 2*s - 2 - 4 = 0. Suppose -s*o + o + 42 = p. List the prime factors of o.
3, 7
Suppose 0 = -5*s - 84 - 86. List the prime factors of s*(-1)/(-2 - -4).
17
Suppose k + 4*k = -5*z + 10, 3*k = 3*z - 12. Let f = -1 - k. Suppose 2*i = -f*i + 26. What are the prime factors of i?
13
Suppose 2*l = -3*y - 2*l + 119, 5*y + 5*l - 205 = 0. List the prime factors of y.
3, 5
Let b be (-3)/2*(-2)/(-1). Let h = -4 - b. What are the prime factors of (h - 2/6)*-3?
2
Let c(u) = u**3 + 10*u**2 - 9*u - 13. List the prime factors of c(-10).
7, 11
Suppose 5*i = u - 69, -i - 3*u = -0 + 1. Let r = 22 + i. Let x = r - 7. What are the prime factors of x?
2
Suppose 3 = 3*i - 0. Let a be 13 - 1 - (2 - i). Let s = a - 0. List the prime factors of s.
11
Let d(f) = -f + 1. Let h be d(4). Let b = 6 - h. What are the prime factors of b?
3
Let w = 0 + 3. Suppose 0 = k - 5, -w*k + 10 = y - 5. Let q = 6 + y. What are the prime factors of q?
2, 3
Let x(n) = -191*n - 7. List the prime factors of x(-1).
2, 23
What are the prime factors of (9 - -6)*(0 - (-84)/9)?
2, 5, 7
Let v be ((-12)/9)/(2/(-30)). Suppose 4*r + v = 2*d, 2*r + 14 = 2*d - 4. List the prime factors of d.
2
Let s(c) = -39*c**3 + 2*c**2 - 3*c - 5. List the prime factors of s(-2).
3, 107
Suppose 0 = 4*s + 4*b - 28, 3*s = -b - 0*b + 13. Suppose 0 = q + 2*k - s, 3*q + 5 = -3*k - 1. Let m(l) = -l - 4. List the prime factors of m(q).
3
Let h be (3 + -1)*(-259)/(-14). Suppose -5*l = -28 - h. List the prime factors of l.
13
Let q(k) = k**2 - 8*k + 9. Let w(v) = 3*v - 5. Let g be w(4). List the prime factors of q(g).
2
Suppose 3*t + 38 = 137. List the prime factors of (-6)/(t/(-9) + 3).
3
List the prime factors of 14/49 + 1774/14.
127
What are the prime factors of ((18 + -2)/2)/2?
2
Suppose 0 = 4*d - 6*d + 4. Suppose d*r - 212 - 1 = -5*a, 0 = 4*a + 3*r - 169. List the prime factors of a.
43
Let c be (-8)/20*(-7 + -3). Suppose 3*b + b - 48 = -c*a, -2*b - 26 = -3*a. What are the prime factors of a?
2, 5
Let b(y) = -2*y - y - y**2 - 2*y - 2. Let a be b(-4). Suppose -21 = -4*z - 3*q, -a*z + 6*z - 16 = -4*q. List the prime factors of z.
3
Let o(m) = -13*m + 3. Let p(v) = 7*v - 2. Let y(c) = -6*o(c) - 11*p(c). Let q be y(-6). Let f(h) = -2*h**3 - 2*h**2 - 2*h - 2. List the prime factors of f(q).
2, 5
Let n(d) be the second derivative of -d**5/20 + 3*d**4/4 - 5*d**3/6 + 3*d**2/2 + 5*d. What are the prime factors of n(8)?
3
Let o(b) be the second derivative of -b**3/3 - 9*b**2/2 + b. Let t = -10 + 4. What are the prime factors of o(t)?
3
Let v(f) = f**2 - 4*f - 9. Suppose 0 = 5*c + 11 + 14. What are the prime factors of v(c)?
2, 3
List the prime factors of 3 - -81 - (-3 - -2).
5, 17
Suppose 0 = d - 4*d. Suppose d = 4*m + m. Suppose m = 2*n - 3*n + 13. What are the prime factors of n?
13
Let m(s) = 5*s**3 + 35*s**2 - 19*s - 31. Let y(f) = f**3 + 9*f**2 - 5*f - 8. Let b(d) = -2*m(d) + 9*y(d). What are the prime factors of b(10)?
2, 5
Let w = 185 - 73. What are the prime factors of w?
2, 7
Suppose 0 = -2*a - 2*a - m + 571, -3*a = -2*m - 431. List the prime factors of a.
11, 13
Suppose -10*f = -2*f - 1000. What are the prime factors of f?
5
What are the prime factors of (43 - 6) + 0 + 1?
2, 19
Suppose 0*p - 3*p = -6. Suppose -m - m - 5*a = p, -5*m = 2*a + 5. What are the prime factors of 14*3/6 + m?
2, 3
Suppose 19 = 5*d + 4. Suppose -5*f + 60 = -d*f. List the prime factors of f.
2, 3, 5
Let h = -4 + 7. Suppose -8*s + 85 = -h*s. List the prime factors of s.
17
Let o(s) = 2*s**3 - 3*s**2 - 6*s - 26. List the prime factors of o(6).
2, 131
Let t be -4*(-1)/((-4)/3). Let q be 3*-1*32/t. Suppose o = -3*o + q. What are the prime factors of o?
2
Suppose 5*y = 2*y + 12. Suppose y*v + 5*w + 9 = 0, -2*v + w = -7*v + 15. Suppose c = -5*h + 58, 0*c + 45 = 3*h + v*c. What are the prime factors of h?
11
Suppose -2*w - 16 = q, 5*w - 5*q + 1 = -9. Let c(r) = -2*r. Let v be c(w). Suppose -v = -n - n. List the prime factors of n.
2, 3
Let s = -399 + 590. What are the prime factors of s?
191
Let t be 4/14 - 79/7. Let b(l) = l**2 - 12*l - 6. Let x be b(12). Let q = x - t. List the prime factors of q.
5
Let j = 9 + -13. List the prime factors of (150/(-9))/(j/6).
5
Suppose y - 5 = -4*y. Let u(r) = -5 + 6 + r + y. List the prime factors of u(6).
2
Suppose -5*r + 81 = -64. Suppose -5*b = -2*d + 34, 2*d + 2*b = 5*d - r. List the prime factors of d.
7
List the prime factors of -5 + 5 - (-1 + -66).
67
Let d(b) be the second derivative of -b**3/2 - 3*b**2 + 4*b. List the prime factors of d(-8).
2, 3
Suppose 5*h + 35 = 5*f - 30, 3*f - 2*h = 34. Let d = 13 - f. List the prime factors of d.
5
Suppose -o - v + 25 = -1, -110 = -5*o - v. List the prime factors of o.
3, 7
Suppose 3*o = -2 - 7. Let g be o - ((-2 - 0) + -1). Suppose g*j - j + 8 = 0. List the prime factors of j.
2
Let z be ((-18)/4)/(9/12). What are the prime factors of (-24)/z*26/8?
13
Suppose -4*b + b + 586 = 5*r, 0 = 5*b - 2*r - 987. What are the prime factors of b?
197
List the prime factors of (-3)/((-18)/919) + (-4)/24.
3, 17
Let h(p) = -p + 1. Let c be h(-4). Suppose j = -c*f + 27, -2*f + 12 = j - 0. Suppose 10 = -j*i + 22. What are the prime factors of i?
2, 3
Suppose 0*n - 10 = -5*n. Suppose -n*l - 2*s = -24, 4*l - 3*s - 83 + 0 = 0. Suppose -3*i + 22 + l = 0. What are the prime factors of i?
13
Suppose 7*v - 95 = 2*v. List the prime factors of v.
1